 + 12*i**2 - 4*i + 16. Let n be o(-12). Calculate the remainder when (108/48)/(3/n) is divided by 17.
14
Suppose -4*x + 227 = -985. Suppose -x = -12*r + 9*r. What is the remainder when r is divided by 26?
23
Let f(r) = r**2 + 31*r + 112. What is the remainder when 125 is divided by f(-29)?
17
Let f(v) = 3*v**3 - 19*v**2 - 9*v + 8. What is the remainder when f(7) is divided by (44/(-10))/(14/(-70))?
21
Let o = -648 + 673. Calculate the remainder when 107 is divided by o.
7
Let q(t) = 12*t**2 + 2*t - 2. Let j(g) = g**2 - 9*g - 12. Let n be (-2)/(-11) + (-216)/(-22). Let y be j(n). What is the remainder when q(y) is divided by 9?
6
Suppose 155 = z - 8*p + 9*p, 0 = 4*z + 5*p - 615. What is the remainder when z is divided by 30?
10
Let y = 1506 + -1486. What is the remainder when 695 is divided by y?
15
Let j(o) = -o - 16. Let p be j(-14). Suppose -5*h = -43 - 67. Let z = p + h. What is the remainder when z is divided by 11?
9
Suppose 2*p - 46 + 16 = 0. Calculate the remainder when 28 is divided by p.
13
Let a(l) = 2*l**3 - 2*l**2 - l - 2. Let m be a(2). Suppose -m*c = -4*x - 72, 4*c + 2*x - 3*x = 78. Calculate the remainder when -4*19*(-1)/2 is divided by c.
18
Let b be -4*(10046/(-8) + -3). Let n = 35 + -12. What is the remainder when b/75 + 4/(-30) is divided by n?
21
Calculate the remainder when 139 is divided by -1 - 10/(-6) - 16669/(-237).
68
Suppose 3*y - 2*y = -4*w + 166, 0 = 5*w + 3*y - 204. Let q = 17 - 6. What is the remainder when w is divided by q?
9
Suppose -4*u - 7 = -4*v + v, 20 = 5*v - 5*u. Let n be 2/(-4)*(2 - 4). Let w(i) = i**2 + i + 1. What is the remainder when v is divided by w(n)?
0
Suppose q + 11 = 4*w, -4*w + 21 = q - 0. What is the remainder when q is divided by 4?
1
Let s(i) = 2 - 2*i**2 + i**2 + 15*i - 7 - 7*i. Calculate the remainder when s(5) is divided by 6.
4
Suppose 83 + 49 = 4*c. Let o(q) be the first derivative of -q**4/4 + 2*q**3 - q**2/2 - 2*q + 2. What is the remainder when c is divided by o(5)?
15
Suppose 0 = x - 3*o - 20, 7*o = 4*x + 4*o - 44. Suppose x*l = 5*l + 174. Calculate the remainder when l is divided by 18.
4
Let a = -17 - -26. Let j(k) = k + 26. Let v be j(-22). Suppose 10 = z + v. Calculate the remainder when a is divided by z.
3
Let i = -665 - -982. Calculate the remainder when i is divided by 106.
105
Suppose 10*g - 4*v - 708 = 7*g, 0 = g - 2*v - 238. Calculate the remainder when g is divided by 18.
16
Let v = -22 + 34. Let s be (16/3)/(8/v). Suppose s*r - 3*r - 15 = 0. Calculate the remainder when 5 is divided by r.
2
Let n = 1777 - 879. What is the remainder when n is divided by 75?
73
Suppose 47*v - 28050 = 17*v. Calculate the remainder when v is divided by 78.
77
Let i = 988 - 731. What is the remainder when i is divided by 67?
56
Let i(m) = m**3 + m. Let a be i(0). Let o(b) = -2*b + a*b**2 - 14*b - b**2 + 23 - 10. What is the remainder when o(-9) is divided by 26?
24
Let y(o) = -o**3 - 5*o**2 + 6*o + 3. Let u be y(-6). Suppose 0 = -0*q - 2*q, u*q + 20 = 2*r. What is the remainder when 39 is divided by r?
9
Let i = 20 - 3. Let v = 110 + -78. What is the remainder when v is divided by i?
15
Let y(c) = -2*c**2 + 17*c + 40. What is the remainder when 1206 is divided by y(9)?
28
Let v = 23 - 37. Let x = 2 - v. Calculate the remainder when 45 is divided by x.
13
Let x(n) = 2*n**2 + 18*n + 21. What is the remainder when x(-15) is divided by 26?
19
Let p(k) = 3*k**2 + k. Suppose 0 = 36*t - 58*t + 264. Calculate the remainder when p(2) is divided by t.
2
Let g(b) = 177*b - 1209. Calculate the remainder when 92 is divided by g(7).
2
Let n(t) = -4*t**2 + 28*t + 9. What is the remainder when 51 is divided by n(7)?
6
Let a = 17 + 8. Suppose 219 - 21 = -3*t. Calculate the remainder when a is divided by (-8)/(-20) + t/15 - -14.
5
Let h(q) = -22*q - 5 - 2 + 1 + q**2 + 19*q. Let d be h(4). What is the remainder when 39 is divided by (d - 0)/1 - -10?
7
Let d = 21 + -31. Let r be d/(-15) + 68/(-3). What is the remainder when (-162)/(-4) + (-11)/r is divided by 11?
8
Suppose -7*c = 5*c - 432. Suppose -2*u - 90 = -5*z + 3*u, -4*u = -4. What is the remainder when c is divided by z?
17
Let k = -4 + 8. Suppose -5*z + 27 = 3*t, 4*t + k*z - 22 = 2*z. Suppose -5*h = -5*s - 30, 5*h = -3*s - 2*s + 90. Calculate the remainder when h is divided by t.
0
Suppose 39 = 2*r + 195. What is the remainder when 408/36*r/(-4) is divided by 56?
53
Suppose -4*j + 30 = -34. Let t(c) = c**3 + 2*c**2 + 8*c - 4. Let z be t(5). Suppose 0 = 5*q - 94 - z. Calculate the remainder when q is divided by j.
13
Suppose -2 = -2*b + 4. Suppose 2*d - 28 = -4*z, 7*z + 12 = 3*d + b*z. Let j = 55 + -27. What is the remainder when j is divided by d?
4
Suppose -28 - 26 = h + i, -5 = 5*i. Let t = 9 - h. Calculate the remainder when t is divided by (10/(-25))/((-2)/80).
14
Let v(l) = -2*l - 38. Let f be v(-21). What is the remainder when 110/(6 + -4) - 1*f is divided by 13?
12
Suppose x - 160 = -5*n, -n + 8*x - 3*x + 32 = 0. Suppose 0 = -2*g - 63 + 5. Let f = 38 + g. Calculate the remainder when n is divided by f.
5
Suppose t + 13 = 3*h + 4, -4*t + h = 25. Let y = 18 - t. Calculate the remainder when 95 is divided by y.
23
Let o = -8 + 17. Let h(a) = 2*a - 8. Let m be h(5). Let k = m + o. Calculate the remainder when k is divided by 4.
3
Let o(p) be the first derivative of -p**3/3 + 15*p + 17. What is the remainder when 29 is divided by o(0)?
14
Let f(q) = -42*q - 7. Calculate the remainder when 306 is divided by f(-2).
75
Let z = 33 + -20. Let g = 183 - z. Suppose 4*x - 2*x = -5*t + g, -5*t + 4*x + 200 = 0. What is the remainder when t is divided by 13?
10
Suppose a - 3*a + 27 = -3*w, -w - 69 = -4*a. Let v(j) = -j**3 + 17*j**2 + 18*j + 9. Calculate the remainder when 26 is divided by v(a).
8
Suppose -5*t + 6 = -3*t. Calculate the remainder when 59 is divided by 51/t + (-2)/1*1.
14
Let o = 1718 + -1064. What is the remainder when o is divided by 15?
9
What is the remainder when (4/18)/((-5)/(-5085)) is divided by 39?
31
Let l(o) be the third derivative of o**5/30 + 13*o**3/6 - 2*o**2. What is the remainder when 17 is divided by l(0)?
4
Suppose o - 16 = j, -3*o - 2*j = -j - 44. Let r = -5 + o. Let k = -8 + r. What is the remainder when 6 is divided by k?
0
Suppose 3*g = -2*g + 255. Suppose 3*h = -i + 13, h = -4*i - 4 + 1. What is the remainder when g is divided by 26*(6/i + 4)?
25
Let z(c) = -2*c**3 + 12*c**2 - 6*c + 8. Calculate the remainder when 48 is divided by z(5).
20
Suppose 20 = 3*c - 4. Let r(b) = -b**3 + 2*b**2 + 2*b + 1. Let v be r(3). Let o(f) = -2*f - 1. What is the remainder when c is divided by o(v)?
2
Let l(z) = -5*z + 14. Let p(h) = -h - 29. Let a be p(-17). What is the remainder when l(a) is divided by 38?
36
Suppose 2*t + 19 = -4*b + 49, t + 3*b - 17 = 0. What is the remainder when 22 is divided by t?
0
Let t(d) = 18*d**2 + 12 - 5 + 7 + 17*d + d**3. Let f(b) = -b**3 + 5*b**2 - 3*b + 1. What is the remainder when t(-17) is divided by f(4)?
4
Let m(y) = y**3 + 8*y**2 + 10*y - 5. Let c be m(-6). Suppose c - 2 = 5*i. Calculate the remainder when i is divided by 1.
0
Let o(g) = -2*g**3 - 8*g**2 - 17*g - 80. What is the remainder when o(-6) is divided by 19?
14
Suppose 21 = -3*l + 4*l - 2*n, -3*l + 2*n = -67. Suppose 3*f - 20 = w - f, 0 = -2*w - 4*f + 20. What is the remainder when 91 is divided by w - l*1/(-1)?
22
What is the remainder when 163 is divided by (-10)/(80/(-312)) - 6?
31
Suppose -u + 120 = -11*u. What is the remainder when 41 is divided by (-381)/u + (-6)/8?
10
Let i(c) = 2*c + 4. Let y be (-24)/(-14)*(-63)/(-18). Calculate the remainder when 45 is divided by i(y).
13
Let n(y) = y**2 + 8. Let l be (-231)/(-4) - 4/(-16). Suppose 4*p - l = 2*p. Calculate the remainder when n(-7) is divided by p.
28
Suppose q - 138 = 2*l + 123, -5*q - 4*l = -1305. Calculate the remainder when q is divided by 11.
8
Suppose 0 = -21*q + 81*q - 8220. What is the remainder when q is divided by 64?
9
Suppose -2*d + 10 = a - 13, -d - 2*a = -10. Let g = 561 + -554. What is the remainder when d is divided by g?
5
Let r be -27*3/9*-3. Let c(z) = -12*z - 1. Let v be c(-1). Let q = r - v. What is the remainder when 61 is divided by q?
13
Let t(z) = -z + 5. Let n be t(0). Suppose -n*j = -2*d + 56, -5*d = -0*j + j - 113. What is the remainder when d is divid